 divided by (18 - 9)/(1 + 0)?
6
Let l be (-5)/(((-1)/(-10))/((-26)/65)). What is the remainder when 5*(468/l + 2) is divided by 26?
23
Let w(u) = u**3 + 52*u**2 - 224*u + 17. Calculate the remainder when 118 is divided by w(-56).
16
Suppose 0 = -5*t + 5*i + 340, 0 = -4*i - 5 + 9. Calculate the remainder when t is divided by 64.
5
Let n = 748 + -727. Calculate the remainder when 481 is divided by n.
19
Suppose 5*u = 2*d - 333, -4*d + 708 = -2*u + 82. What is the remainder when d is divided by 33?
22
Let l = -173 + 218. What is the remainder when 493 is divided by l?
43
Calculate the remainder when ((-8)/10)/2*(-17 - 18) is divided by 9.
5
Let r(b) = b**3 + 8*b**2 + 4*b - 3. Let k(f) = f**2 + f - 2. Let m be k(-2). Suppose m = 2*o + 7 + 3. What is the remainder when r(o) is divided by 27?
25
Let g = 17655 + -17504. Let v = 55 - 33. Calculate the remainder when g is divided by v.
19
Suppose 39 = -3*p + 6*p. Let b be 3/6 + (-10)/(-4). Suppose -x + f = -b, -2*f + 0*f = 0. What is the remainder when p is divided by x?
1
Suppose 68 = -4*f + 172. Suppose 4 = b - 0*b, 2*y = 4*b + f. What is the remainder when y is divided by 8?
5
Let v(s) = -5*s**3 - 2*s**2 + 14*s - 10. Let c(i) = 11*i**3 + 5*i**2 - 29*i + 20. Let a(t) = -4*c(t) - 9*v(t). What is the remainder when a(5) is divided by 18?
17
Let s(f) = 9*f - 238. Calculate the remainder when 63 is divided by s(33).
4
Suppose 16*y = 13*y - 5*j + 220, -68 = -y + j. Calculate the remainder when 185 is divided by y.
45
Let w(i) = -76*i - 5. Let f = 130 + -131. Calculate the remainder when w(f) is divided by 12.
11
Let h(k) = -k**3 + 5*k**2 + 4*k + 1. Let l = -1 - -13. Suppose -4*c = -5*z + l + 33, -c + 18 = 2*z. Calculate the remainder when h(4) is divided by z.
6
Suppose 0 = -32*v - 5*v + 1369. Calculate the remainder when 363 is divided by v.
30
Let i(s) be the third derivative of -s**6/120 + 3*s**5/20 - s**4/4 - s**3/3 - 6*s**2. Calculate the remainder when 68 is divided by i(8).
12
Suppose 0 = 3*b + 5*b - 64. Suppose -b*v + 34 = -94. Calculate the remainder when 63 is divided by v.
15
Suppose 3*x = x. Suppose 0 = -2*s - 2*f - 4, x*s - 2*f = s + 7. Suppose -s*q = 6 - 21. Calculate the remainder when q is divided by 2.
1
Suppose -6*t + 1711 = 655. Calculate the remainder when t is divided by 59.
58
Suppose 0*u - 238 = -14*u. Calculate the remainder when 30 is divided by u.
13
Let w(t) = t**3 + 13*t**2 + 32*t. What is the remainder when 755 is divided by w(-9)?
35
Let x(j) = j**2 - 7*j - 7. Let h be x(8). Let s be (-24)/h*12/(-36). Let z(g) = -g**2 + 9*g + 9. What is the remainder when z(s) is divided by 7?
3
Let l = -6 + 9. Let q = 7 - -38. Let t = 48 - q. Calculate the remainder when t is divided by l.
0
Suppose -d + g + 41 - 1 = 0, -5*g = -2*d + 74. What is the remainder when 205 is divided by d?
37
Suppose d - 172 = -5*q, -d + 130 = 3*q + 26. What is the remainder when 3 + (4 - 3) + 0 + 96 is divided by q?
32
What is the remainder when -18*(-6)/(-48)*-32 is divided by 29?
14
Let x = -288 - -296. Let c(h) = h**2 + 2*h - 5. Let v = 9 + -16. What is the remainder when c(v) is divided by x?
6
Suppose 0 = -31*b + 431 + 4901. Calculate the remainder when b is divided by 19.
1
Suppose 27*q - 2*c = 24*q + 233, -5*q + 380 = -5*c. What is the remainder when 287 is divided by q?
44
Let g(u) = 7 - 3 + 7 - 42*u + 3. Let r(j) = -14*j + 5. Let i(s) = 6*g(s) - 17*r(s). Calculate the remainder when 24 is divided by i(-1).
11
Suppose -3*u + 3*d = -33, 0 = u - 84*d + 80*d - 20. What is the remainder when 18 is divided by u?
2
Let d be 72/(-3)*-3*1/4. Suppose 2*c - d - 13 = -k, -c + 20 = -4*k. What is the remainder when c is divided by 5?
1
Suppose 3*f + 2*a = -0*a - 156, -104 = 2*f + 4*a. Let z = f - -63. What is the remainder when 63 is divided by z?
8
Let g(n) be the third derivative of n**5/20 + 3*n**4/8 - 5*n**3/3 + 2*n**2. What is the remainder when 39 is divided by g(-5)?
19
Let w(r) = r - 6. Let q = -14 - -25. Let l be w(q). Suppose l*p = 4*p + 9. Calculate the remainder when 25 is divided by p.
7
Let b be (-1 + -4)*(-7 + 3). Suppose 0 + b = 5*o. What is the remainder when 7 is divided by o?
3
Suppose 5152 = 46*g - 18*g. Calculate the remainder when g is divided by 83.
18
Calculate the remainder when 304 is divided by (-14)/63 + 1048/18 + 3.
60
Suppose 15 + 155 = 2*b. Suppose -3*r = -4*r + b. What is the remainder when r is divided by 23?
16
Let d = 8 - 1. Let z = d - -3. Let q(h) = 23*h - 19. What is the remainder when q(2) is divided by z?
7
Suppose -69*a = -72*a + 141. What is the remainder when a is divided by 29?
18
Suppose 20*s = 4596 - 1796. Calculate the remainder when s is divided by 66.
8
Suppose -8*f + 163 - 59 = 0. Calculate the remainder when 49 is divided by f.
10
Let u(z) = 2*z**2 - 66*z - 17. Calculate the remainder when u(34) is divided by 6.
3
Suppose 5*h = -3*r + 665, -4*h + 0*h = -2*r + 414. Suppose -s = -4, -l + s + 8 = 3*s. Suppose -5*u + r = -l*u. Calculate the remainder when 169 is divided by u.
40
Suppose -2*j - 5*n = 25, 233*n = 4*j + 229*n - 76. Suppose -4*h - h + 10 = 0. What is the remainder when j is divided by h?
0
Let x be (48/(-10))/(40/25 + -2). Suppose g + t - 55 + x = 0, -4*t = -g + 28. Calculate the remainder when 73 is divided by g.
33
Let n(l) = -l**3 + 24*l**2 - 85*l - 4. Calculate the remainder when n(19) is divided by 68.
50
Suppose 0 = 2*i - t - 51, -i = 4*i + t - 145. Calculate the remainder when 274*(2/(-15) - 266/(-420)) is divided by i.
25
Suppose -5*n = -0*n - 145. Suppose -5*o - c + 74 = 0, 12*o - 7*o = 3*c + 78. What is the remainder when n is divided by o?
14
Suppose -4*u + t = 65, -4*u + 0*t = -2*t + 70. Let m = 32 + u. Calculate the remainder when m is divided by -1 + 8 + 0 + 0.
3
Let h(o) = 13*o + 38. Calculate the remainder when h(3) is divided by 46.
31
Suppose -5*m + 86 = -0*m - 3*a, 0 = -5*m - a + 98. Calculate the remainder when 168 is divided by m.
16
Suppose 0 = 3*j - 1261 + 994. Suppose 0 = -3*i + 44 + 25. Calculate the remainder when j is divided by i.
20
Calculate the remainder when 63 is divided by 5 + 7 + 2*4/(-8).
8
Suppose i - 4*r - 109 = -3, -2*r + 420 = 5*i. Suppose 0 = -5*k - 6 + i. What is the remainder when 29 is divided by k?
13
Let r(k) = 6*k**2 - 10*k + 14. What is the remainder when 48 is divided by r(2)?
12
Suppose i + 4*o = 6, 2*i - 1 = -0*i + 3*o. Suppose -9*h + i = -8*h. What is the remainder when 2 is divided by h?
0
Let g be 1/(((-36)/(-56))/9). Let k(c) = -g*c + 2*c + 2*c + 4*c. What is the remainder when 56 is divided by k(-2)?
8
Suppose 5*a + 2*x = 4*x + 30, -a + 5*x = -29. What is the remainder when (17/102)/((-2)/(-276)*1) is divided by a?
3
Suppose -3*z + h - 13 = z, -8 = -z + 4*h. Let a be 43*-2*z/8. Let o = a - -38. Calculate the remainder when o is divided by 21.
18
Calculate the remainder when 78 is divided by 9*(-1 - -6 - 2).
24
Suppose -4*i - 130 = -5*x, 65*i - 68*i + 95 = 5*x. Let a(g) = -130*g**3 + 2*g**2 + g. What is the remainder when a(-1) is divided by x?
21
Let n be (3 - (1 + 3)) + 8. Suppose 5*o - n*o + 8 = 0. What is the remainder when 9 is divided by o?
1
Let p = -21 + 21. Suppose 5*t + 10 = p, 5*w + t - 193 = -0*t. Calculate the remainder when w is divided by 14.
11
Let m = 1541 + -1512. Calculate the remainder when 97 is divided by m.
10
Suppose 13200 = -71*s + 101*s. Calculate the remainder when s is divided by 69.
26
Suppose 2*y + y = -3*w + 21, -y = 5. What is the remainder when 197 is divided by w?
5
Suppose -42 + 0 = -21*y. What is the remainder when 63 is divided by y?
1
Let z = 54 + -48. Suppose 0 = 5*r + j - 89, -3*j + 91 + z = 5*r. What is the remainder when 63 is divided by r?
12
What is the remainder when (1/((-8)/354))/((-42)/280) is divided by 7?
1
Suppose -3*g = 3*j - 66, 5*j + 3*g = 99 + 9. What is the remainder when j is divided by 12/(-9)*-1*(1/(-2) - -5)?
3
Suppose -o - 3*l + 2*l + 5 = 0, -4*l = -o + 5. Suppose -2*u - o*i + 4 = -22, 3*u - 22 = i. What is the remainder when u is divided by (-13)/(-5) - 1/(25/(-10))?
2
Let y be (4 - 2)/(-1*8/4). What is the remainder when ((-17)/(-4) - y)/(24/128) is divided by 8?
4
Suppose -3107 - 617 = -133*t. Calculate the remainder when 1062 is divided by t.
26
Suppose -3*l + 5 = n, -11*l = n - 7*l - 3. Calculate the remainder when n is divided by 3.
